{"id":33,"date":"2025-12-30T18:30:17","date_gmt":"2025-12-30T17:30:17","guid":{"rendered":"https:\/\/mls.vaddobygden.se\/?page_id=33"},"modified":"2026-01-20T12:44:47","modified_gmt":"2026-01-20T11:44:47","slug":"projektdata","status":"publish","type":"page","link":"https:\/\/mls.vaddobygden.se\/?page_id=33","title":{"rendered":"Projektet"},"content":{"rendered":"\r\n<h2 class=\"wp-elements-253e5af5d47bc7fc079e216c88e239f0\"><strong>Beslut<\/strong><\/h2>\r\n<p>Region Stockholm har beviljat V\u00e4dd\u00f6s Utveckling Ekonomisk f\u00f6rening (V\u00e4dd\u00f6navet) st\u00f6d f\u00f6r att genomf\u00f6ra projektet F\u00f6rstudie om f\u00f6ruts\u00e4ttningar och metoder f\u00f6r lokal samverkan. Beslutet har fattats med st\u00f6d av Klimat- och regionutvecklingsn\u00e4mndens riktlinjer f\u00f6r finansiering av regional utveckling, Kommunallagen (2017:725) samt EU:s regler f\u00f6r statsst\u00f6d.<\/p>\r\n<p class=\"has-tertiary-color has-text-color has-link-color\"><strong><em>Projekttid: 1 januari till 30 juni 2026.<\/em><\/strong><\/p>\r\n\r\n\r\n\r\n<h2 class=\"wp-block-heading\">Bakgrund &amp; Syfte<\/h2>\r\n\r\n\r\n\r\n<p class=\"has-medium-font-size\">Civilsamh\u00e4llets roll blir idag alltmer strategisk, och behovet av samverkan mellan civilsamh\u00e4llets lokala organisationer och i f\u00f6rsta hand prim\u00e4rkommuner och regioner v\u00e4xer snabbt. Det g\u00e4ller f\u00f6r s\u00e5v\u00e4l uth\u00e5llighet och deltagande i kris- och krisberedskap som livsmedelsproduktion, h\u00e5llbar milj\u00f6, n\u00e4ringslivsutveckling, utvecklingsplanering eller n\u00e5got annat prioriterat omr\u00e5de. F\u00f6r att f\u00e5 till st\u00e5nd en \u00f6kad och f\u00f6rb\u00e4ttrad<br \/>samverkan mellan offentliga institutioner och civilsamh\u00e4llets organisationer beh\u00f6ver man d\u00e4rf\u00f6r se \u00f6ver f\u00f6ruts\u00e4ttningarna och villkoren f\u00f6r s\u00e5dan samverkan.<\/p>\r\n<p class=\"has-medium-font-size\">Men idag saknar de som tar initiativ till lokalt utvecklingsarbete &#8211; s\u00e5v\u00e4l offentliga institutioner som lokala grupper \u2013 ofta grundl\u00e4ggande kunskaper om civilsamh\u00e4llets lokala organisationer: Vilka \u00e4r de? &#8211; Hur m\u00e5nga \u00e4r de? &#8211; Var finns de? &#8211; Vad sysslar de med? &#8211; Hur m\u00e5nga medlemmar har de? -Vilka faktorer \u00e4r drivande? Vet man detta kan de \u00e5tg\u00e4rder som vidtas f\u00f6r att civilsamh\u00e4llet ska kunna fylla nya roller g\u00f6ras tydliga och anpassas till de faktorer och lokala f\u00f6ruts\u00e4ttningar som ger b\u00e4st n\u00e4ring \u00e5t en framg\u00e5ngsrik samverkan. Syftet med denna f\u00f6rstudie \u00e4r att ange v\u00e4gar f\u00f6r att fylla denna kunskapslucka.<\/p>\r\n\r\n\r\n\r\n<h2 class=\"wp-block-heading\"><strong>F\u00f6rv\u00e4ntade resultat<\/strong><\/h2>\r\n\r\n\r\n\r\n<p class=\"has-medium-font-size\">&#8211; <strong>P\u00e5 kort sikt:<\/strong><br \/><em>Offentliga myndigheter och organisationer<\/em><br \/>P\u00e5 kort sikt levererar f\u00f6rstudien handfasta metoder, f\u00f6rslag och underlag som tj\u00e4nstepersoner och politiska f\u00f6retr\u00e4dare kan anv\u00e4nda i det fortsatta utvecklingsarbetet. Resultaten \u00e4r avsedda att kunna inf\u00f6rlivas i<br \/>planerings- och utvecklingsarbeten och st\u00e4rka b\u00e5de krisberedskap och utvecklingskraft i regionens landsbygd och sk\u00e4rg\u00e5rd.<\/p>\r\n<p class=\"has-medium-font-size\"><em>Civilsamh\u00e4llets lokala organisationer<\/em><br \/>F\u00f6rstudien ger civilsamh\u00e4llets organisationer en praktisk verktygsl\u00e5da och viktig kunskap om f\u00f6ruts\u00e4ttningarna och villkoren f\u00f6r \u00f6kad samverkan, s\u00e5v\u00e4l inom lokalsamh\u00e4llen som med offentliga institutioner. Detta skapar en plattform f\u00f6r att utveckla samverkansformerna och d\u00e4rmed ge mer v\u00e4lgrundade underlag f\u00f6r lokala<br \/>prioriteringar.<\/p>\r\n\r\n\r\n\r\n<p class=\"has-medium-font-size\">&#8211; <strong>P\u00e5 l\u00e5ng sikt<\/strong><br \/>Lokal samverkan m\u00e5ste f\u00f6r att vara h\u00e5llbar, involvera civilsamh\u00e4llets alla intressenter. Den m\u00e5ste ocks\u00e5 uppfattas som obyr\u00e5kratisk och begriplig samt ge tydliga och realistiska resultat. Denna f\u00f6rstudie ger kunskap om vilka strukturer och metoder som st\u00e4rker tillit i samarbetet med och mellan lokala akt\u00f6rer. Den \u00e4r d\u00e4rf\u00f6r ett viktigt steg i en utvecklad samverkan mellan civilsamh\u00e4llet och offentliga myndigheter och organisationer. Det kan g\u00e4lla allt fr\u00e5n att integrera tydligare kontaktstrukturer och metoder <span style=\"font-size: 1.0625rem;\">\u00a0i kommunens plan- och <\/span>beredskapsarbete till \u00f6kad lokal beredskap och snabbare mobilisering av frivilligresurser eller till st\u00e4rkta lokala ekonomiska och sociala ekosystem.<\/p>\r\n\r\n\r\n\r\n<h2 class=\"wp-block-heading\">Genomf\u00f6rande<\/h2>\r\n\r\n\r\n\r\n<h3 class=\"wp-block-heading\"><strong><em>Kartl\u00e4ggning<\/em><\/strong><\/h3>\r\n\r\n\r\n\r\n<p class=\"has-medium-font-size\">Projektet inleds med en bred analys av civilsamh\u00e4llets organisationer och samverkansfaktorer. Den genomf\u00f6rs i form av en kartl\u00e4ggning av civilsamh\u00e4llets lokala organisationer inom ett avgr\u00e4nsat geografiskt omr\u00e5de (Norrt\u00e4lje kommun). Kartl\u00e4ggningen sker i tv\u00e5\u00a0 steg, f\u00f6rst p\u00e5 makroniv\u00e5 baserad p\u00e5 SCB-statistik och d\u00e4refter p\u00e5 mikroniv\u00e5 baserad p\u00e5 persondata i form av intervjuer, och ger d\u00e4rmed detaljkunskaper b\u00e5de om det lokala civilsamh\u00e4llets infrastruktur och om de lokala akt\u00f6rer som skulle kunna involveras i samverkan av olika slag.<\/p>\r\n<h3 class=\"has-medium-font-size\"><em><strong>Till\u00e4mpning<\/strong><\/em><\/h3>\r\n<p class=\"has-medium-font-size\">I ett andra steg v\u00e4ljs ett pilotomr\u00e5de inom Norrt\u00e4lje kommun f\u00f6r att testa hur de nya kunskaper om civilsamh\u00e4llet och dess akt\u00f6rer som kartl\u00e4ggningsfasen ger kan till\u00e4mpas f\u00f6r att uppn\u00e5 ett framg\u00e5ngsrikt och fruktbart lokalt utvecklingsarbete. Fokus ligger p\u00e5 kris- och beredskapsfr\u00e5gor samt p\u00e5 platsutveckling.\u00a0<\/p>\r\n<h3 class=\"has-medium-font-size\"><em><strong>Metodutveckling<\/strong><\/em><\/h3>\r\n<p class=\"has-medium-font-size\">I ett tredje steg sammanst\u00e4lls de metoder, modeller och arbetss\u00e4tt som kartl\u00e4ggningen och f\u00f6rstudiens praktiska till\u00e4mpningar visar kan st\u00e4rka samverkan mellan civilsamh\u00e4llet och offentliga institutioner och organisationer, men \u00e4ven inom civilsamh\u00e4llet.<\/p>\r\n\r\n\r\n\r\n<h3 class=\"wp-block-heading\"><strong><em>Benchmarking<\/em><\/strong><\/h3>\r\n\r\n\r\n\r\n<p class=\"has-medium-font-size\">I ett fj\u00e4rde steg j\u00e4mf\u00f6rs f\u00f6rstudiens resultat med andra svenska exempel\u00a0via deltagande forskares och projektpartners n\u00e4tverk.<\/p>\r\n<h3 class=\"has-medium-font-size\"><em><strong>Slutrapportering och kunskapsspridning<\/strong><\/em><\/h3>\r\n<p class=\"has-medium-font-size\">Avslutningsvis redovisas projektets med en rapport som presenterar modeller f\u00f6r hur offentliga myndigheter och organisationer kan samverka med civilsamh\u00e4llet i fortsatta utvecklingsinsatser. Rapporten sprids till intresserade kommuner och civilsamh\u00e4llsorganisationer.<\/p>\r\n\r\n\r\n\r\n<h3 class=\"wp-block-heading\"><strong><em>Advisory board<\/em><\/strong><\/h3>\r\n\r\n\r\n\r\n<p class=\"has-medium-font-size\">Ett antal v\u00e4lrenommerade forskare och andra akt\u00f6rer inom omr\u00e5det civilsamh\u00e4llesforskning kommer att bjudas in som r\u00e5dgivare. Syftet \u00e4r att s\u00e4kerst\u00e4lla vetenskaplig kvalitet samt f\u00f6rstudiens relevans f\u00f6r vidare forskning. Forskarna kommer i f\u00f6rsta hand fr\u00e5n svenska l\u00e4ros\u00e4ten men kan \u00e4ven komma fr\u00e5n l\u00e4ros\u00e4ten<br \/>utanf\u00f6r Sverige.\u00a0<\/p>\r\n\r\n\r\n\r\n<h3 class=\"wp-block-heading\"><strong><em>Referensgrupp<\/em><\/strong><\/h3>\r\n\r\n\r\n\r\n<p class=\"has-medium-font-size\">F\u00f6r att s\u00e4kra lokal f\u00f6rankring bildas en referensgrupp med lokala f\u00f6retr\u00e4dare fr\u00e5n de omr\u00e5den som ing\u00e5r i kartl\u00e4ggningens mikrostudier.\u00a0<\/p>\r\n","protected":false},"excerpt":{"rendered":"<p>Beslut Region Stockholm har beviljat V\u00e4dd\u00f6s Utveckling Ekonomisk f\u00f6rening (V\u00e4dd\u00f6navet) st\u00f6d f\u00f6r att genomf\u00f6ra projektet F\u00f6rstudie om f\u00f6ruts\u00e4ttningar och metoder f\u00f6r lokal samverkan. Beslutet har fattats med st\u00f6d av Klimat- och regionutvecklingsn\u00e4mndens riktlinjer f\u00f6r finansiering av regional utveckling, Kommunallagen (2017:725) samt EU:s regler f\u00f6r statsst\u00f6d. Projekttid: 1 januari till 30<\/p>\n","protected":false},"author":1,"featured_media":0,"parent":0,"menu_order":0,"comment_status":"closed","ping_status":"closed","template":"template-fullwidth.php","meta":{"footnotes":""},"class_list":["post-33","page","type-page","status-publish","hentry"],"_links":{"self":[{"href":"https:\/\/mls.vaddobygden.se\/index.php?rest_route=\/wp\/v2\/pages\/33","targetHints":{"allow":["GET"]}}],"collection":[{"href":"https:\/\/mls.vaddobygden.se\/index.php?rest_route=\/wp\/v2\/pages"}],"about":[{"href":"https:\/\/mls.vaddobygden.se\/index.php?rest_route=\/wp\/v2\/types\/page"}],"author":[{"embeddable":true,"href":"https:\/\/mls.vaddobygden.se\/index.php?rest_route=\/wp\/v2\/users\/1"}],"replies":[{"embeddable":true,"href":"https:\/\/mls.vaddobygden.se\/index.php?rest_route=%2Fwp%2Fv2%2Fcomments&post=33"}],"version-history":[{"count":15,"href":"https:\/\/mls.vaddobygden.se\/index.php?rest_route=\/wp\/v2\/pages\/33\/revisions"}],"predecessor-version":[{"id":226,"href":"https:\/\/mls.vaddobygden.se\/index.php?rest_route=\/wp\/v2\/pages\/33\/revisions\/226"}],"wp:attachment":[{"href":"https:\/\/mls.vaddobygden.se\/index.php?rest_route=%2Fwp%2Fv2%2Fmedia&parent=33"}],"curies":[{"name":"wp","href":"https:\/\/api.w.org\/{rel}","templated":true}]}}